 + 8*d**2 - 39*d + 17. What is w(5)?
-1853
Let r(d) = -2*d**2 + 80*d + 136. Determine r(30).
736
Let s(t) = -2*t**3 + 58*t**2 + 1522*t - 44111. Determine s(29).
27
Let z(v) = -20*v**3 + 11*v**2 - 32*v + 9. What is z(3)?
-528
Let p(g) = 11*g**3 - 728*g**2 + 122*g - 207. What is p(66)?
-867
Let f(r) = 3*r**2 + 23781*r + 142672. Calculate f(-6).
94
Let c(i) = -6201*i - 12271786. Determine c(-1979).
-7
Let c(s) = -s**3 + 158*s**2 + 2048*s - 368155. Calculate c(156).
5
Let x(g) = g**3 + 90*g**2 - 294*g + 320. What is x(-93)?
1715
Let i(l) = -38816*l + 155258. Calculate i(4).
-6
Let w(u) = 9411*u - 357658. Give w(38).
-40
Let n(v) = -20*v**3 - 83*v - 261. Give n(-3).
528
Let c(n) = -2*n**3 - 178*n**2 + 10*n + 758. Calculate c(-89).
-132
Let u(w) = 74*w**3 + 506*w**2 - 78*w + 23. Calculate u(-7).
-19
Let d(c) = -10*c**3 + c**2 + 3*c + 7. What is d(-4)?
651
Let v(r) = -2*r**3 - 29*r**2 + 372*r + 5052. Calculate v(-13).
-291
Let d(p) = 2865*p + 255255. Give d(-89).
270
Let d(j) = 4464*j + 165217. Give d(-37).
49
Let c(g) = -1067*g + 3772. Determine c(6).
-2630
Let h(y) = -957*y + 24955. Give h(26).
73
Let s(b) = 51*b**3 + 3*b**2 - 30*b - 87. Calculate s(-4).
-3183
Let v(x) = 281*x - 106814. Give v(380).
-34
Let o(y) = -7*y**3 - 31*y**2 + 13*y. What is o(-5)?
35
Let o(i) = 3*i**2 - 35*i - 1608. Determine o(30).
42
Let h(m) = -m**3 - 191*m**2 + 420*m + 6608. What is h(-193)?
46
Let u(p) = 3*p**2 + 127*p - 1951. Calculate u(12).
5
Let s(u) = -4851*u - 17913. Give s(-3).
-3360
Let b(s) = -176*s + 31613. Calculate b(185).
-947
Let x(m) = -m**3 - 149*m**2 - 2601*m - 62913. Give x(-133).
-4
Let u(z) = 7*z**2 + 192*z - 37. Determine u(0).
-37
Let d(w) = -46*w - 281. Determine d(-4).
-97
Let k(h) = -2*h**3 - 155*h**2 - 1175*h - 123. Determine k(-69).
15
Let c(l) = -123*l + 2377. Calculate c(13).
778
Let b(u) = -10984*u - 1801443. Give b(-164).
-67
Let x(h) = -59*h**3 + 3*h**2 - 433*h - 436. Calculate x(-1).
59
Let z(d) = 6569*d - 893326. What is z(136)?
58
Let f(g) = -361*g**2 + 229*g + 461. Determine f(-2).
-1441
Let i(f) = 4*f**3 - 15*f**2 - 22*f - 25. Determine i(5).
-10
Let z(i) = i**3 + 3381*i**2 - 50946*i + 98. Give z(15).
8
Let d(h) = -73*h**2 - 219*h - 804. What is d(-4)?
-1096
Let t(b) = 5480*b + 712387. Calculate t(-130).
-13
Let y(h) = -812*h + 111078. Give y(137).
-166
Let s(w) = 1017*w - 45512. Determine s(45).
253
Let h(g) = 28*g**3 + 1432*g**2 + 198*g - 292. What is h(-51)?
14
Let d(n) = -175009*n + 875041. Calculate d(5).
-4
Let d(b) = 10933*b - 688778. What is d(63)?
1
Let g(y) = -y**3 + 115*y**2 - 53*y + 6110. Determine g(115).
15
Let g(x) = -1373517*x + 12361660. Determine g(9).
7
Let w(x) = 105*x**2 - 602*x - 174. What is w(6)?
-6
Let h(m) = m**2 + 20847*m + 145882. Calculate h(-7).
2
Let c(h) = -145*h**2 + 602*h + 20. Give c(4).
108
Let a(m) = -17*m**2 + 304*m + 1798. Calculate a(-6).
-638
Let p(w) = -3*w**2 + 237*w + 2714. What is p(89)?
44
Let a(u) = -51*u**2 + 896*u + 35. Calculate a(19).
-1352
Let x(l) = 2562*l + 684061. What is x(-267)?
7
Let t(h) = -3*h**3 + 1697*h**2 - 12836*h + 1187. What is t(558)?
71
Let f(n) = -31050*n - 6520503. What is f(-210)?
-3
Let b(t) = -t**2 - 202*t - 560. Determine b(-7).
805
Let w(h) = -h**3 + 53*h**2 + 285*h + 297. Give w(58).
7
Let s(u) = 18712*u + 114011. What is s(-6)?
1739
Let a(n) = -2*n**2 - 385*n + 19629. Calculate a(42).
-69
Let q(o) = -o**3 - 35*o**2 + 43*o + 913. Give q(-16).
-4639
Let o(t) = 13*t**2 - 4224*t - 8777. Determine o(327).
52
Let n(z) = z**3 + 18*z**2 - 11331*z - 214917. Determine n(-19).
11
Let b(d) = d**3 + 24*d**2 + 84*d - 708. Determine b(-16).
-4
Let k(q) = 8510*q - 4578379. Calculate k(538).
1
Let x(k) = -1721*k**2 - 13809*k - 14. What is x(-8)?
314
Let b(c) = -12918*c + 129175. Give b(10).
-5
Let w(s) = 1085*s - 19253. Give w(18).
277
Let c(m) = 2*m**2 + 68*m + 466. Give c(-25).
16
Let b(o) = o**3 - 9*o**2 + 65863*o - 526836. Give b(8).
4
Let m(l) = l**3 - 35*l**2 - 137*l + 304. Give m(39).
1045
Let r(f) = f**3 + 411*f**2 + 4046*f + 14454. Determine r(-401).
18
Let g(j) = -j**2 - 1980*j - 877939. What is g(-670)?
-239
Let d(h) = -h**2 + 819*h - 55757. Give d(75).
43
Let i(a) = -a**2 + 124*a - 3245. Give i(72).
499
Let b(n) = 3204855*n - 28843693. Determine b(9).
2
Let u(l) = 2*l**3 + 80*l**2 - 80*l + 540. Determine u(-41).
458
Let h(g) = g**3 - 262*g**2 - 4159*g - 36. What is h(-15)?
24
Let q(j) = 3*j**3 + 12*j**2 - 260*j - 1136. What is q(-4)?
-96
Let l(j) = -1039*j + 4141. Calculate l(4).
-15
Let l(h) = -84*h - 1435. Determine l(-34).
1421
Let s(z) = 14*z**3 + 81*z**2 - 2405*z - 14320. Determine s(-6).
2
Let a(o) = o**3 - 151*o**2 + 1039*o - 88036. Determine a(148).
24
Let r(f) = -f**3 + 65*f**2 + 3131*f - 8002. Give r(-34).
-12
Let v(s) = 55054*s - 220213. What is v(4)?
3
Let j(n) = -3198*n**2 + 33*n - 8. What is j(0)?
-8
Let f(u) = 2*u**2 + 85*u - 10548. Give f(-97).
25
Let f(s) = 3311*s - 28403. Calculate f(9).
1396
Let t(g) = 4924*g + 2944541. What is t(-598)?
-11
Let g(f) = 4681*f - 4649. Determine g(1).
32
Let i(t) = -7*t**3 - 506*t**2 - 1009*t + 3. Determine i(-2).
53
Let l(w) = -2055*w + 12235. Calculate l(6).
-95
Let z(k) = -629*k - 13189. Determine z(-18).
-1867
Let b(k) = -1579*k - 645806. Determine b(-409).
5
Let g(u) = u**3 + 666*u**2 - 4017*u + 10085. What is g(-672)?
5
Let z(l) = 483651*l - 57070822. Calculate z(118).
-4
Let r(j) = -72*j**2 - 805*j + 31. Determine r(-11).
174
Let k(q) = q**2 - 324*q + 16345. Determine k(272).
2201
Let c(n) = 124*n**2 - 105*n + 104. What is c(1)?
123
Let w(l) = l**3 + 91*l**2 - 19962*l + 3819. Give w(-194).
-61
Let w(t) = t**2 + 9429*t + 37708. Determine w(-4).
8
Let a(d) = 20*d**2 - 2199*d + 26794. What is a(96)?
10
Let y(t) = 2*t**3 - 44*t**2 + 13*t + 312. Determine y(22).
598
Let g(z) = -2*z**3 + 100*z**2 - 1142*z + 57018. Give g(50).
-82
Let g(u) = -3*u**3 - 364*u**2 + 298*u + 50706. What is g(-121)?
7
Let l(c) = -331*c + 12649. What is l(38)?
71
Let v(i) = -6088*i - 18188. What is v(-3)?
76
Let r(h) = 1814*h - 257322. What is r(142)?
266
Let a(b) = 17630*b + 88347. What is a(-5)?
197
Let r(n) = n**3 + 165*n**2 - 9967*n - 648. Calculate r(-212).
-12
Let s(m) = 6*m**3 - m**2 - 25*m + 25. Give s(4).
293
Let m(w) = 568*w - 84063. What is m(148)?
1
Let h(d) = -d**2 + 1753*d + 2037. Give h(0).
2037
Let t(b) = -10986*b + 527310. Give t(48).
-18
Let k(j) = j**3 + 4*j**2 + 39*j + 22. Calculate k(-4).
-134
Let d(g) = g**3 - 1030*g**2 + 39531*g + 68322. Determine d(990).
12
Let y(k) = -k**2 + 1006*k + 35400. Calculate y(-35).
-1035
Let n(r) = r**3 - 11*r**2 - 33*r + 47. Calculate n(13).
-44
Let u(w) = -w**3 - 11*w**2 + 135*w + 553. Give u(-18).
391
Let o(r) = -43191*r - 388677. Give o(-9).
42
Let p(t) = t**3 - 43*t**2 + 230*t - 9912. Calculate p(43).
-22
Let f(w) = 97*w + 522. Give f(-13).
-739
Let b(d) = d**2 - 673*d - 332345. What is b(1004)?
-21
Let y(i) = 5292*i - 153519. Calculate y(29).
-51
Let s(h) = -5*h**3 - 10*h**2 - 13*h + 20. Determine s(-2).
46
Let l(y) = -4*y**2 - 248*y + 206. Give l(-63).
-46
Let m(t) = -51645*t + 233. Calculate m(0).
233
Let d(m) = 25*m**2 + 59*m - 69. Calculate d(-3).
-21
Let z(q) = 4096*q - 85731. What is z(20)?
-3811
Let y(k) = 4409*k**2 - 96987*k - 267. Determine y(22).
-25
Let l(q) = -q**3 - 66*q**2 - 211*q - 933. What is l(-63)?
453
Let v(p) = -14*p**2 + 13853*p - 150699. Give v(11).
-10
Let g(u) = -221104*u + 663303. Give g(3).
-9
Let k(u) = 36*u**2 + 1711*u - 1722. Determine k(1).
25
Let z(a) = 3*a**2 + 1715*a + 128900. What is z(-89)?
28
Let h(c) = 143*c**2 + 123*c - 469. What is h(4)?
2311
Let h(d) = 2*d**3 - 114*d**2 - 14*d + 703. Calculate h(57).
-95
Let r(f) = 3*f**2 + 703*f + 1540. Give r(-232).
-84
Let d(z) = z**3 - 1782*z**2 - 7125*z + 60. Calculate d(-4).
-16
Let q(t) = -133044*t + 2527880. Calculate q(19).
44
Let s(a) = a**2 + 102*a + 2371. What is s(-35)?
26
Let t(v) = -v**3 + 10*v**2 + 1646*v - 19446. What is t(12)?
18
Let j(i) = -5*i**3 - 142*i**2 - 898*i - 107. Calculate j(-19).
-12
Let f(w) = -850*w + 3252. Give f(3).
702
Let y(q) = -9*q**3 + 829*q**2 - 17297*q - 468. What is y(32)?
12
Let d(a) = -4*a**2 - 43124*a - 172432. Determine d(-4).
0
Let f(j) = -j**3 - 4*j**2 - 81*j - 108. Give f(-6).
450
Let r(s) = s**2 + 10402*s - 533110. Determine r(51).
-7
Let m(z) = -10*z**